is 130645042 (base 7) in base 5?
4114110441
What is 20111102202 (base 3) in base 13?
4629b
1033343 (base 6) to base 5
3120302
Convert efb (base 16) to base 14.
157d
Convert -3523451 (base 7) to base 3.
-211111202002
What is 51230 (base 12) in base 14?
2a764
What is 1367636 (base 9) in base 2?
10110111111110101000
Convert 1100465 (base 7) to base 13.
49406
What is -366445 (base 8) in base 5?
-13014440
What is b3b42 (base 14) in base 8?
1515576
What is -34014422 (base 5) in base 10?
-298112
-c9b065 (base 13) to base 6
-245305411
Convert -6a9228 (base 11) to base 6.
-40040103
Convert -2120021021 (base 3) to base 16.
-c541
-1010011110011110000 (base 2) to base 14
-8d160
Convert 1f0f8 (base 16) to base 7.
1036626
-100a69 (base 13) to base 5
-43414240
What is 1276103 (base 9) in base 2?
10101010111000010100
What is -10010011011111100100111 (base 2) in base 7?
-56036364
10011010100000100111011 (base 2) to base 16
4d413b
Convert 672201 (base 9) to base 3.
202102020001
-36957 (base 12) to base 16
-120d3
Convert -241040312 (base 5) to base 11.
-69a480
Convert -97415b (base 14) to base 15.
-6b2321
d656 (base 14) to base 8
110074
Convert -2446422 (base 8) to base 14.
-13804a
Convert 244198 (base 13) to base 14.
1877cc
1430411431 (base 5) to base 16
396ca6
What is -2250331 (base 10) in base 13?
-60a375
1420041 (base 8) to base 4
1202000201
Convert -1101210220120 (base 3) to base 7.
-6216543
-7ca6e8 (base 16) to base 6
-451032200
What is -518c7a (base 14) in base 13?
-754794
Convert 3345652 (base 8) to base 16.
dcbaa
What is 2131e3 (base 16) in base 12?
88ab43
What is e1066 (base 15) in base 4?
2231320131
Convert 1201470 (base 9) to base 10.
650655
What is 10022101022 (base 3) in base 4?
33322013
Convert -11001101111100101 (base 2) to base 15.
-2139a
What is 121202000021 (base 3) in base 2?
1010000011100101011
Convert -40d6c (base 14) to base 10.
-156308
Convert 1000000100011001110101 (base 2) to base 8.
10043165
-1824a8 (base 11) to base 9
-468054
Convert -2231213313 (base 4) to base 13.
-1bb907
Convert -1001101101111101111 (base 2) to base 10.
-318447
-202121 (base 3) to base 8
-1054
What is -443b80 (base 12) in base 14?
-20365a
204501 (base 8) to base 3
10110011000
-113232030023 (base 4) to base 15
-82c7c2
Convert -4032611 (base 12) to base 13.
-26469bb
What is 33b60 (base 14) in base 3?
20101110022
Convert -176899 (base 11) to base 8.
-1024330
Convert 3430132 (base 5) to base 10.
61292
-1153333 (base 6) to base 14
-186a5
-110011010111001 (base 2) to base 10
-26297
What is 38740 (base 16) in base 3?
102202012011
12210221120100 (base 3) to base 7
35154243
Convert 298417 (base 11) to base 6.
13544513
192990c (base 13) to base 10
8246874
What is -4d90d5 (base 16) in base 12?
-1851905
What is 1849a19 (base 11) in base 13?
858603
-5b5136 (base 12) to base 13
-3cb1a5
What is 7084 (base 15) in base 3?
1012120121
What is 21aa95 (base 11) in base 7?
2662252
What is 12e58 (base 16) in base 8?
227130
Convert 1450433 (base 6) to base 2.
10100100110110101
What is -22020212012 (base 3) in base 12?
-7a028
Convert 202222411 (base 5) to base 15.
113106
Convert 1666334 (base 7) to base 2.
111001011001110111
a0975 (base 15) to base 4
1330013201
Convert 711899 (base 11) to base 7.
12504313
What is 120002142 (base 5) in base 16?
85964
What is 1201661 (base 7) in base 4?
211012013
Convert -11c75 (base 13) to base 15.
-9b22
What is 10828 (base 11) in base 6?
200223
Convert 3b637 (base 12) to base 10.
82123
Convert -c6b42 (base 13) to base 15.
-71052
Convert 1316998 (base 10) to base 6.
44121114
-24292b2 (base 13) to base 2
-101010110010010100101000
3a7337 (base 11) to base 7
5301541
Convert 230414 (base 10) to base 15.
4840e
458607 (base 9) to base 6
5522354
What is 20102000220102 (base 3) in base 10?
3405818
-22220202 (base 3) to base 6
-50032
What is -56604075 (base 8) in base 10?
-12257341
Convert -535dc (base 14) to base 2.
-110001001100001110
Convert -301110302 (base 4) to base 9.
-337122
-1011022212102 (base 3) to base 13
-187898
203301230 (base 4) to base 7
1150142
What is 2210002220 (base 3) in base 2?
1101010111100001
Convert -143075 (base 8) to base 5.
-3110444
Convert 24747317 (base 9) to base 8.
56230313
What is -46313434 (base 8) in base 9?
-20841472
What is 100011110101100100011111 (base 2) in base 9?
18607702
Convert -392889 (base 11) to base 16.
-97099
Convert 138211 (base 10) to base 3.
21000120221
What is 1605571 (base 9) in base 5?
211433344
-19bce (base 15) to base 16
-146d5
What is 1439a5 (base 12) in base 6?
11130325
What is 45530153 (base 8) in base 4?
211223001223
Convert -179588 (base 12) to base 3.
-202211220112
Convert aca7a4 (base 14) to base 3.
102001010122022
What is -fe22 (base 16) in base 2?
-1111111000100010
Convert -110430232 (base 5) to base 12.
-1b3760
26a678 (base 11) to base 16
67885
523505 (base 6) to base 8
122501
102002012112 (base 3) to base 9
362175
Convert 484484 (base 16) to base 2.
10010000100010010000100
Convert 23210222 (base 4) to base 16.
b92a
Convert -55b35 (base 12) to base 13.
-3cb30
3144045 (base 6) to base 2
100101100011011101
Convert -3847550 (base 9) to base 4.
-20000111100
620c3 (base 13) to base 12
8597b
What is 162653 (base 9) in base 14?
2883d
What is -105410505 (base 6) in base 9?
-3584625
Convert -28691 (base 13) to base 4.
-102200312
What is 36732 (base 9) in base 16?
604d
Convert -e19aa3 (base 15) to base 6.
-1021352513
What is -18d3ef (base 16) in base 5?
-404031434
Convert 6399ad (base 16) to base 8.
30714655
What is 713318 (base 9) in base 3?
210110100122
6435132 (base 9) to base 7
41211203
Convert -1320122312 (base 4) to base 6.
-14323302
What is 2200434 (base 6) in base 3?
12112120011
Convert 4b0b87 (base 13) to base 15.
258ac8
Convert 46d945 (base 14) to base 4.
21032221121
-142551025 (base 6) to base 13
-7bb525
What is -123023302 (base 4) in base 5?
-12030341
302404 (base 8) to base 12
49770
-3d5aa (base 14) to base 16
-251f2
-131321022 (base 4) to base 15
-2642c
Convert -326025 (base 8) to base 3.
-12120022212
What is -53115055 (base 7) in base 5?
-2122213000
2524484 (base 10) to base 14
49a004
What is -110223110 (base 4) in base 15?
-1a162
Convert 4650026 (base 7) to base 15.
b7d28
Convert 14020061 (base 7) to base 14.
25b568
Convert 43d3b5 (base 15) to base 11.
1909907
3605344 (base 7) to base 2
1101111010000000011
What is -1100011000111010101 (base 2) in base 12?
-176b31
Convert 1658b (base 15) to base 13.
26aa7
-3002200 (base 4) to base 13
-5887
-240423402 (base 5) to base 2
-100001110100000001001
-320230 (base 6) to base 4
-12112122
2200244 (base 8) to base 16
900a4
Convert -ad6d1 (base 14) to base 9.
-711680
230b7b (base 14) to base 3
2020121201011
-196ba05 (base 13) to base 9
-16660483
Convert -42134235 (base 6) to base 12.
-4b137b
Convert 512005 (base 9) to base 11.
19793a
-1101004 (base 6) to base 8
-152574
What is -1561006 (base 7) in base 9?
-358807
What is -10111020012201 (base 3) in base 9?
-3436181
What is -4917b (base 13) in base 9?
-224178
What is 3d636c (base 15) in base 8?
13217735
What is 504251 (base 6) in base 16?
9ba7
What is -46540520 (base 7) in base 3?
-21200222212022
11000021021200 (base 3) to base 10
2131074
What is -5248 (base 15) in base 13?
-7bbc
What is -114287 (base 11) in base 14?
-4a13b
Convert 10714673 (base 10) to base 4.
220313320301
1022222441 (base 5) to base 7
24155560
-313211333 (base 4) to base 15
-4770b
223202231 (base 4) to base 6
3453405
2000561 (base 9) to base 5
233011332
Convert 52255132 (base 8) to base 15.
e93794
What is 145303 (base 6) in base 2?
11011101000111
1111111100101100000010 (base 2) to base 4
33330230002
What is 30003 (base 16) in base 15?
3d3c6
-100110010111101001000101 (base 2) to base 6
-555330125
Convert a6c04 (base 13) to base 11.
196017
-606d09 (base 14) to base 11
-1917818
Convert -4082118 (base 11) to base 4.
-123133110132
-4bab4 (base 12) to base 10
-103528
-1004342311 (base 5) to base 8
-7570467
What is -811867 (base 10) in base 11?
-504a71
493266 (base 11) to base 8
2763770
Convert -416340 (base 8) to base 6.
-2545012
What is a28e (base 15) in base 10?
34334
What is 19049 (base 16) in base 15?
20568
Convert -34767 (base 8) to base 12.
-8707
What is 11111100110101000 (base 2) in base 11?
89290
Convert 110202102221112 (base 3) to b